t v = 20 - x. Calculate the highest common divisor of 6 and v.
6
Let z(c) = -35*c + 110. Let o be z(3). Let v be (-2)/(-3) + 42/18. Suppose -v*w = -l + 17, -3*l + w + 0 + 19 = 0. What is the greatest common factor of o and l?
5
Suppose y - 4*s = 10, -4*y = s - 5*s - 28. Suppose -1134 = -7*h - 20*h. Calculate the greatest common factor of y and h.
6
Let o = 372 - 282. What is the greatest common factor of 36 and o?
18
Suppose -4*g = k + 1911, -318 = 3*g + 5*k + 1111. Let r be 1/5 + g/(-10). What is the greatest common factor of 72 and r?
24
Let l(b) = -5*b**2 + 42*b + 17. Let n be l(8). Calculate the greatest common factor of 3 and n.
3
Let h = -288 - -352. What is the greatest common divisor of h and 2?
2
Let d = 3 + 17. Suppose r - 8 = d. What is the highest common factor of r and 4?
4
Let k(z) = -24*z. Let b be k(-4). Let h = -45 + b. Calculate the highest common divisor of 255 and h.
51
Let v(l) = l**3 + 8*l**2 - 6*l + 38. Let w be v(-9). Suppose -g + 5 - 1 = -3*h, -3*g + 7 = -4*h. What is the highest common divisor of w and g?
1
Let b = -2 + 4. Suppose -18 = 3*p - b*x, -2*x = -7*p + 3*p - 22. Let n(c) = c + 8. Let u be n(p). What is the highest common divisor of u and 1?
1
Let l be (-10)/4 + 9/6. Let n = 2 - l. Suppose w + 1 = 0, 46 = n*r + 5*w - 0*w. Calculate the greatest common divisor of r and 85.
17
Let y = 471 - 383. Let i = 10 + 1. Calculate the highest common factor of y and i.
11
Let p(g) = -g**3 + 5*g**2 - 4*g + 10. Let c be (4/3)/(4/12). Let f be p(c). Let q be f/(-5) - -2*37. What is the greatest common divisor of 12 and q?
12
Let z(q) = 8*q + 68. Let u be z(-3). Suppose 3*y - 21 = -4*w, 5*w + 10 + 5 = 0. Calculate the greatest common factor of y and u.
11
Let x = -9 - -12. Suppose 0 = 3*j - 3*i - 408, 0*j + x*i - 124 = -j. Let q = 8 + 11. Calculate the highest common divisor of j and q.
19
Suppose 65*s - 17*s = 480. Calculate the highest common divisor of s and 670.
10
Let h be 2/3 + 1*2574/27. Calculate the highest common factor of 12 and h.
12
Let u = 60 - 38. Suppose -15*b + 3649 - 19 = 0. What is the greatest common divisor of b and u?
22
Suppose -3*y + 5*y = 2. Let j(o) = -1 + 7 + 4*o - 3*o - 2*o. Let t be j(3). Calculate the highest common divisor of y and t.
1
Let w(a) = -a**3 - 6*a**2. Let n be w(-6). Suppose n*z + 5*j - 12 = 3*z, 4*z - 1 = j. Let u = -1354 - -1365. What is the highest common factor of z and u?
1
Let u be (13975/(-86))/((-3)/6). Calculate the greatest common divisor of u and 26.
13
Let s = 19 + 10. Let q = s - -48. Calculate the highest common divisor of 11 and q.
11
Suppose 5*o - 2*c - 744 = 0, -3*o - 14*c + 12*c = -440. What is the greatest common factor of o and 111?
37
Suppose -17*g + 10 + 194 = 0. Suppose 6 = -g*x + 294. Suppose 3*n = 24 - 0. What is the greatest common factor of x and n?
8
Let q be (21*1 - 2)*3. Suppose 0 = -5*d + 31 + 29. Suppose -14*a = -d*a - 76. Calculate the highest common factor of q and a.
19
Let u(l) = -1 - 11*l**3 - 5*l**2 + 10*l**3 - 4*l + 4*l + 4*l. Let g be u(-6). Let n = -10 + 21. Calculate the greatest common divisor of n and g.
11
Let m be 10/(9/1980*10). Calculate the highest common divisor of 165 and m.
55
Suppose -3*x = -10 + 1. Suppose 3*j - x = 12. Let o be (5*3/(-3))/(-1). Calculate the highest common divisor of j and o.
5
Let p be ((-78)/65)/((-4)/10). Suppose -a + m = -275, 1373 = 2*a + p*a - 4*m. Suppose -33 = 4*i - a. Calculate the highest common factor of 15 and i.
15
Let i = 19 - 14. Suppose -g + i*v + 0*v = -197, -g - 3*v = -197. Let z = -141 + g. Calculate the highest common factor of 8 and z.
8
Let k(w) = -21*w**3. Let t be k(-1). Suppose -47 = -7*x + 2. Calculate the highest common divisor of t and x.
7
Let r(d) = -d**2 + 17*d + 3. Let f be r(15). Let v = 68 - f. Calculate the highest common factor of 70 and v.
35
Let n(b) = 5*b + 1. Let w be n(1). Let a(g) = g**3 + 7*g**2 + 4*g - 6. Suppose 0 = 3*v - 8 + 23. Let l be a(v). What is the highest common factor of w and l?
6
Let a be (21/(-63))/((-2)/(-102)). Let w = 39 + a. Let q be 1/(-4) - 617/(-4). Calculate the highest common divisor of w and q.
22
Let v be (6 - 4)/((-1)/(-2)). Suppose -p - v = -2*p. Suppose l = p*l - 81. What is the greatest common factor of l and 18?
9
Suppose -44*z - 1440 = -49*z. Calculate the greatest common divisor of 9 and z.
9
Let q = 705 + -703. Calculate the greatest common divisor of q and 334.
2
Let o = 6 - -9. Suppose 0 = -19*r + 311 - 26. What is the highest common divisor of o and r?
15
Let b be (-2)/(-9) + (10998/81 - 8). Calculate the greatest common divisor of 32 and b.
32
Let t(s) = s**3 + 15*s**2 - 21*s - 43. Suppose 5*v = 25*v + 320. Let g be t(v). What is the highest common divisor of g and 148?
37
Let a(g) = -16*g - 56. Let z be a(-6). Calculate the highest common divisor of 240 and z.
40
Let t = 853 - 790. Calculate the greatest common factor of 14 and t.
7
Let o be (33/2)/(12/24). What is the highest common factor of o and 12?
3
Suppose -2*f = 3*f - 10. Suppose 3*a - f*h - 54 = 0, 0*a - 3*h - 18 = -a. Suppose 6 + 26 = 2*s + 2*g, -3*g = -12. What is the highest common divisor of s and a?
6
Suppose 0 = -6*p - 4*p + 4680. What is the highest common divisor of 24 and p?
12
Suppose -9 = -3*r - 0*s + 3*s, -r = 3*s - 3. Suppose r*i - 12 - 6 = 0. Let n = 14 - i. Calculate the greatest common divisor of n and 72.
8
Let r be ((-45)/(-20))/(3/16). Let k = 286 - 277. Calculate the highest common divisor of k and r.
3
Let q be -1 + 1/((-2)/(-42)). Let c be ((-48)/(-120))/((-2)/(-40)*2). Let v = q - c. Calculate the highest common divisor of v and 144.
16
Suppose 14*j - 444 - 186 = 0. Calculate the highest common factor of j and 99.
9
Let g = -34 - -66. Let k = -89 + 169. Calculate the greatest common factor of k and g.
16
Let w(x) = -12*x**2 + x. Let z be w(1). Let c(y) = -y + 5. Let a be c(z). Calculate the greatest common factor of a and 16.
16
Suppose 20 = c - 3*x, 4*c + 3*x = c. Suppose 0 = 2*d + c*w - 38, d = -3*d - 2*w + 60. Suppose 3*i = 7*i - 392. Calculate the greatest common divisor of d and i.
14
Let s = 198 + -124. Let o = s - 35. Calculate the highest common divisor of 117 and o.
39
Let y(x) = 2*x - 6. Let t be y(5). Suppose t*w + 2*p = 92, 0*w + 2*p + 97 = 5*w. Let u = 26 - 19. Calculate the highest common factor of u and w.
7
Suppose 347*s = 344*s + 108. What is the highest common factor of 348 and s?
12
Let i = -342 + 388. Calculate the greatest common divisor of i and 46.
46
Suppose 2*d = 89 + 47. Suppose 0 = -2*p - 8, d = 2*u - u + 3*p. Suppose 39 = z + 23. Calculate the greatest common factor of z and u.
16
Suppose 42 = -220*n + 226*n. Calculate the highest common factor of 329 and n.
7
Suppose 2*v + 2 = 3*v. Suppose v*w = 3*w + 7. Let j be (-6)/4*(-9 - w). What is the greatest common factor of j and 12?
3
Suppose 1340 = 4*s + 4*p, -4*p + 680 = -s + 3*s. Suppose 5*u - s = -0*u. What is the highest common factor of 6 and u?
6
Suppose 2*o + 4*o = 0. Suppose o*w - 168 = -7*w. Calculate the greatest common divisor of 12 and w.
12
Let y be -6*3/24*-8. Let x(h) be the second derivative of 2*h**3/3 + 3*h. Let r be x(y). What is the highest common divisor of r and 8?
8
Suppose -484 = 563*r - 564*r. What is the highest common factor of 8 and r?
4
Let y = 25 - 13. Suppose 0*u + 6 = -2*u. Let o be u - -87 - 1 - -1. What is the greatest common factor of o and y?
12
Let j(z) = 7*z - 45. Let c be (1/3)/(8/168). Let a be j(c). What is the highest common divisor of 1 and a?
1
Let l(j) be the first derivative of -j**2/2 + 7*j + 1. Let d = -234 + 228. Let o be l(d). Calculate the highest common divisor of 130 and o.
13
Let a be 0 + (-31)/2*2. Let c = a + 8. Let n = 36 + c. Calculate the highest common divisor of n and 52.
13
Let m = 16 - 68. Let d be (3/2)/(7 - m/(-8)). What is the greatest common divisor of d and 15?
3
Let b(t) = 36*t + 998. Let w be b(-27). Suppose 2*x + 286 = 3*x. What is the greatest common divisor of w and x?
26
Let c = -16 + 15. Let u = 11 + c. Calculate the greatest common divisor of 25 and u.
5
Suppose -5*q + 35 = g + 5, -3*q = -g - 10. What is the highest common factor of g and 175?
5
Let x(h) = 50*h - 36. Let b be x(8). Calculate the greatest common factor of 52 and b.
52
Let u(b) = 7*b + 17. Let g be u(-5). Let k(q) = -q**2 - 24*q + 2. 